{"id":12,"date":"2026-04-10T13:11:54","date_gmt":"2026-04-10T13:11:54","guid":{"rendered":"https:\/\/leissl.de\/?page_id=12"},"modified":"2026-04-12T10:04:39","modified_gmt":"2026-04-12T10:04:39","slug":"elementor-12","status":"publish","type":"page","link":"https:\/\/arbeitsschutzaktuell.de\/","title":{"rendered":"Ihre Fachkr\u00e4fte f\u00fcr Arbeitssicherheit"},"content":{"rendered":"\t\t<div data-elementor-type=\"wp-post\" data-elementor-id=\"12\" class=\"elementor elementor-12\" data-elementor-post-type=\"page\">\n\t\t\t\t<div class=\"elementor-element elementor-element-undefined-242784b e-flex e-con-boxed e-con e-parent\" data-id=\"undefined-242784b\" data-element_type=\"container\" data-e-type=\"container\" data-settings=\"{&quot;background_background&quot;:&quot;classic&quot;}\">\n\t\t\t\t\t<div class=\"e-con-inner\">\n\t\t<div class=\"elementor-element elementor-element-undefined-405fc29 e-con-full e-flex e-con e-child\" data-id=\"undefined-405fc29\" data-element_type=\"container\" data-e-type=\"container\">\n\t\t\t\t<div class=\"elementor-element elementor-element-undefined-6751246 elementor-widget elementor-widget-heading\" data-id=\"undefined-6751246\" data-element_type=\"widget\" data-e-type=\"widget\" data-widget_type=\"heading.default\">\n\t\t\t\t\t<h2 class=\"elementor-heading-title elementor-size-default\">Arbeitsschutz als Erfahrungsschatz<\/h2>\t\t\t\t<\/div>\n\t\t\t\t<div class=\"elementor-element elementor-element-undefined-b7cc791 elementor-widget elementor-widget-text-editor\" data-id=\"undefined-b7cc791\" data-element_type=\"widget\" data-e-type=\"widget\" data-widget_type=\"text-editor.default\">\n\t\t\t\t\t\t\t\t\t<p>Wir sind Ihre Fachkr\u00e4fte f\u00fcr zielf\u00fchrende <strong>Arbeitssicherheit<\/strong>. Mit unserem Know-how aus <strong>18 erfolgreichen Jahren<\/strong> steigern Sie Ihre <strong>Produktivit\u00e4t<\/strong> und bleiben <strong>wettbewerbsf\u00e4hig<\/strong>.<\/p><p>Arbeits- und Gesundheitsschutz k\u00f6nnen viele Fragen aufwerfen. F\u00fcr die Umsetzung fehlt es Betrieben oft an Zeit und Expertise. Wie gut, dass Sie mit der <strong>ASA Arbeitschutzaktuell GmbH<\/strong> versierte Fachberater an Ihrer Seite haben. Wir machen aus Fragezeichen individuelle Probleml\u00f6sungen.<\/p><p><strong>Ihre Vorteile<\/strong>: Sie sind gegen\u00fcber Beh\u00f6rden auf der <strong>sicheren Seite<\/strong>, k\u00f6nnen <strong>Geld<\/strong> einsparen und sich auf das Wesentliche konzentrieren.<\/p><p><strong>Schon gewusst?<\/strong> Bereits ab einem Mitarbeiter sind Sie gesetzlich dazu verpflichtet, eine Fachkraft f\u00fcr Arbeitssicherheit zu bestellen. Damit verbunden: Verantwortung und Pflichten. Wir unterst\u00fctzen Sie dabei. Lassen Sie Ihre Arbeitssicherheit nicht warten und setzen Sie auf unsere professionelle Unterst\u00fctzung. Denn als unabh\u00e4ngige Sicherheitsfachkr\u00e4fte sind wir Ihre Ansprechpartner in allen Fragen des Arbeitsschutzes.<\/p>\t\t\t\t\t\t\t\t<\/div>\n\t\t\t\t<\/div>\n\t\t<div class=\"elementor-element elementor-element-undefined-cec9650 e-con-full e-flex e-con e-child\" data-id=\"undefined-cec9650\" data-element_type=\"container\" data-e-type=\"container\">\n\t\t\t\t<div class=\"elementor-element elementor-element-undefined-4cbbce8 elementor-widget elementor-widget-image\" data-id=\"undefined-4cbbce8\" data-element_type=\"widget\" data-e-type=\"widget\" data-widget_type=\"image.default\">\n\t\t\t\t\t\t\t\t\t\t\t\t\t\t\t<img fetchpriority=\"high\" decoding=\"async\" width=\"1184\" height=\"864\" src=\"https:\/\/arbeitsschutzaktuell.de\/wp-content\/uploads\/2026\/04\/image-1.webp\" class=\"attachment-full size-full wp-image-33\" alt=\"\" srcset=\"https:\/\/arbeitsschutzaktuell.de\/wp-content\/uploads\/2026\/04\/image-1.webp 1184w, https:\/\/arbeitsschutzaktuell.de\/wp-content\/uploads\/2026\/04\/image-1-300x219.webp 300w, https:\/\/arbeitsschutzaktuell.de\/wp-content\/uploads\/2026\/04\/image-1-1024x747.webp 1024w, https:\/\/arbeitsschutzaktuell.de\/wp-content\/uploads\/2026\/04\/image-1-768x560.webp 768w\" sizes=\"(max-width: 1184px) 100vw, 1184px\" \/>\t\t\t\t\t\t\t\t\t\t\t\t\t\t\t<\/div>\n\t\t\t\t<\/div>\n\t\t\t\t\t<\/div>\n\t\t\t\t<\/div>\n\t\t<div class=\"elementor-element elementor-element-e772247 e-flex e-con-boxed e-con e-parent\" data-id=\"e772247\" data-element_type=\"container\" data-e-type=\"container\">\n\t\t\t\t\t<div class=\"e-con-inner\">\n\t\t<div class=\"elementor-element elementor-element-6035ca6 e-con-full e-flex e-con e-child\" data-id=\"6035ca6\" data-element_type=\"container\" data-e-type=\"container\">\n\t\t\t\t\t\t\t\n\t\t<img class=\"e-image-base e-895b4c3-d55fb27\" \n\t\t\t\t\tdata-interaction-id=\"895b4c3\" \n\t\t \n\t\t data-e-type=\"widget\" data-id=\"895b4c3\"\n\t\t\t\t\t\t\t\t\tid=\"34\"\n\t\t\t\t\t\t\t\t\t\t\t\tsrc=\"https:\/\/arbeitsschutzaktuell.de\/wp-content\/uploads\/2026\/04\/Zinecker-Kosmanek-Gruen-1024x819.webp\"\n\t\t\t\t\t\t\t\t\t\t\t\twidth=\"1024\"\n\t\t\t\t\t\t\t\t\t\t\t\theight=\"819\"\n\t\t\t\t\t\t\t\t\t\t\t\tsrcset=\"https:\/\/arbeitsschutzaktuell.de\/wp-content\/uploads\/2026\/04\/Zinecker-Kosmanek-Gruen-1024x819.webp 1024w, https:\/\/arbeitsschutzaktuell.de\/wp-content\/uploads\/2026\/04\/Zinecker-Kosmanek-Gruen-300x240.webp 300w, https:\/\/arbeitsschutzaktuell.de\/wp-content\/uploads\/2026\/04\/Zinecker-Kosmanek-Gruen-768x614.webp 768w, https:\/\/arbeitsschutzaktuell.de\/wp-content\/uploads\/2026\/04\/Zinecker-Kosmanek-Gruen-1536x1229.webp 1536w, https:\/\/arbeitsschutzaktuell.de\/wp-content\/uploads\/2026\/04\/Zinecker-Kosmanek-Gruen.webp 1920w\"\n\t\t\t\t\t\t\t\t\t\t\t\talt=\"\"\n\t\t\t\t\t\t\/>\n\t\t\t\t\t<\/div>\n\t\t<div class=\"elementor-element elementor-element-b1154af e-con-full e-flex e-con e-child\" data-id=\"b1154af\" data-element_type=\"container\" data-e-type=\"container\">\n\t\t<div class=\"elementor-element elementor-element-7e9aa47 e-con-full e-flex e-con e-child\" data-id=\"7e9aa47\" data-element_type=\"container\" data-e-type=\"container\">\n\t\t<div class=\"elementor-element elementor-element-8963016 e-con-full e-flex e-con e-child\" data-id=\"8963016\" data-element_type=\"container\" data-e-type=\"container\">\n\t\t\t\t\t\t\t<h2 \n\t\tdata-interaction-id=\"bbf1495\" \n\t\tclass=\"e-heading-base\" \n\t\t \n\t\tdata-e-type=\"widget\" data-id=\"bbf1495\"\n\t>\n\t\n\t\t\t<strong>Unsere Qualifikationen<\/strong>\n\t\t<\/h2>\n\t\t\t\t<\/div>\n\t\t\t\t<\/div>\n\t\t<div class=\"elementor-element elementor-element-e0fad6f e-con-full e-flex e-con e-child\" data-id=\"e0fad6f\" data-element_type=\"container\" data-e-type=\"container\">\n\t\t\t\t\t\t\t\t<p class=\"e-paragraph-base\" data-interaction-id=\"4cff24d\"  data-e-type=\"widget\" data-id=\"4cff24d\">\n\t\t\t\t\t\t\t\t<strong>18 Jahre<\/strong> Erfahrung. <strong>\u00dcber 400<\/strong> betreute Unternehmen mit mehr als <strong>5.000 Besch\u00e4ftigten<\/strong>. Unser <strong>Expertenteam<\/strong> steht f\u00fcr kleine und gro\u00dfe Erfolge in puncto Arbeitssicherheit \u2013 und f\u00fcr ein Miteinander auf Augenh\u00f6he. Mit Struktur und System entstehen so <strong>L\u00f6sungen<\/strong>, die nachhaltig \u00fcberzeugen.&nbsp;Was uns bei jedem Projekt antreibt: mehr <strong>Sicherheit<\/strong> im Unternehmen, mehr <strong>Motivation<\/strong> unter Ihren Mitarbeitenden.Nach umfangreicher Analyse Ihrer Ausgangssituation formulieren wir \u2013 immer in Abstimmung mit Ihnen \u2013 die <strong>Schutzziele<\/strong>. Unsere langj\u00e4hrigen Erfahrungswerte helfen dabei. Bereit f\u00fcr die Umsetzung? Wir auch! Nun werden die Ideen <strong>Wirklichkeit<\/strong> und wir kommen den <strong>Zielen<\/strong> bereits einen gro\u00dfen Schritt n\u00e4her. Laufend kontrollieren wir die Wirksamkeit der einzelnen Ma\u00dfnahmen. Je nach Bedarf k\u00f6nnen wir hier justieren.&nbsp;So geht ma\u00dfgeschneiderter Arbeits- und Gesundheitsschutz.&nbsp;\n\t\t\t\t\t<\/p>\n\t\t\t\t<\/div>\n\t\t\t\t<\/div>\n\t\t\t\t\t<\/div>\n\t\t\t\t<\/div>\n\t\t<div class=\"elementor-element elementor-element-17a9dbf e-grid e-con-boxed e-con e-parent\" data-id=\"17a9dbf\" data-element_type=\"container\" data-e-type=\"container\">\n\t\t\t\t\t<div class=\"e-con-inner\">\n\t\t\t\t<div class=\"elementor-element elementor-element-edd8a19 elementor-widget elementor-widget-counter\" data-id=\"edd8a19\" data-element_type=\"widget\" data-e-type=\"widget\" data-widget_type=\"counter.default\">\n\t\t\t\t\t\t\t<div class=\"elementor-counter\">\n\t\t\t<div class=\"elementor-counter-title\">Jahre Erfahrung<\/div>\t\t\t<div class=\"elementor-counter-number-wrapper\">\n\t\t\t\t<span class=\"elementor-counter-number-prefix\"><\/span>\n\t\t\t\t<span class=\"elementor-counter-number\" data-duration=\"2000\" data-to-value=\"19\" data-from-value=\"0\" data-delimiter=\",\">0<\/span>\n\t\t\t\t<span class=\"elementor-counter-number-suffix\"><\/span>\n\t\t\t<\/div>\n\t\t<\/div>\n\t\t\t\t\t\t<\/div>\n\t\t\t\t<div class=\"elementor-element elementor-element-639edd2 elementor-widget elementor-widget-counter\" data-id=\"639edd2\" data-element_type=\"widget\" data-e-type=\"widget\" data-widget_type=\"counter.default\">\n\t\t\t\t\t\t\t<div class=\"elementor-counter\">\n\t\t\t<div class=\"elementor-counter-title\">Kunden<\/div>\t\t\t<div class=\"elementor-counter-number-wrapper\">\n\t\t\t\t<span class=\"elementor-counter-number-prefix\"><\/span>\n\t\t\t\t<span class=\"elementor-counter-number\" data-duration=\"2000\" data-to-value=\"400\" data-from-value=\"0\" data-delimiter=\",\">0<\/span>\n\t\t\t\t<span class=\"elementor-counter-number-suffix\"><\/span>\n\t\t\t<\/div>\n\t\t<\/div>\n\t\t\t\t\t\t<\/div>\n\t\t\t\t<div class=\"elementor-element elementor-element-1f7b06b elementor-widget elementor-widget-counter\" data-id=\"1f7b06b\" data-element_type=\"widget\" data-e-type=\"widget\" data-widget_type=\"counter.default\">\n\t\t\t\t\t\t\t<div class=\"elementor-counter\">\n\t\t\t<div class=\"elementor-counter-title\">Kundenmitarbeiter<\/div>\t\t\t<div class=\"elementor-counter-number-wrapper\">\n\t\t\t\t<span class=\"elementor-counter-number-prefix\"><\/span>\n\t\t\t\t<span class=\"elementor-counter-number\" data-duration=\"2000\" data-to-value=\"5000\" data-from-value=\"0\" data-delimiter=\" \">0<\/span>\n\t\t\t\t<span class=\"elementor-counter-number-suffix\"><\/span>\n\t\t\t<\/div>\n\t\t<\/div>\n\t\t\t\t\t\t<\/div>\n\t\t\t\t\t<\/div>\n\t\t\t\t<\/div>\n\t\t<div class=\"elementor-element elementor-element-302a1ff e-flex e-con-boxed e-con e-parent\" data-id=\"302a1ff\" data-element_type=\"container\" data-e-type=\"container\" data-settings=\"{&quot;background_background&quot;:&quot;classic&quot;,&quot;shape_divider_top&quot;:&quot;waves&quot;}\">\n\t\t\t\t\t<div class=\"e-con-inner\">\n\t\t\t\t<div class=\"elementor-shape elementor-shape-top\" aria-hidden=\"true\" data-negative=\"false\">\n\t\t\t<svg xmlns=\"http:\/\/www.w3.org\/2000\/svg\" viewBox=\"0 0 1000 100\" preserveAspectRatio=\"none\">\n\t<path class=\"elementor-shape-fill\" d=\"M421.9,6.5c22.6-2.5,51.5,0.4,75.5,5.3c23.6,4.9,70.9,23.5,100.5,35.7c75.8,32.2,133.7,44.5,192.6,49.7\n\tc23.6,2.1,48.7,3.5,103.4-2.5c54.7-6,106.2-25.6,106.2-25.6V0H0v30.3c0,0,72,32.6,158.4,30.5c39.2-0.7,92.8-6.7,134-22.4\n\tc21.2-8.1,52.2-18.2,79.7-24.2C399.3,7.9,411.6,7.5,421.9,6.5z\"\/>\n<\/svg>\t\t<\/div>\n\t\t\t\t\t<\/div>\n\t\t\t\t<\/div>\n\t\t<div class=\"elementor-element elementor-element-2031043 e-flex e-con-boxed e-con e-parent\" data-id=\"2031043\" data-element_type=\"container\" data-e-type=\"container\">\n\t\t\t\t\t<div class=\"e-con-inner\">\n\t\t\t\t\t\t\t<h2 \n\t\tdata-interaction-id=\"0649952\" \n\t\tclass=\"e-heading-base\" \n\t\t \n\t\tdata-e-type=\"widget\" data-id=\"0649952\"\n\t>\n\t\n\t\t\t<strong>Was ist zu tun?<\/strong>\n\t\t<\/h2>\n\t\t\t\t\t<\/div>\n\t\t\t\t<\/div>\n\t\t<div class=\"elementor-element elementor-element-15e6d0f e-grid e-con-boxed e-con e-parent\" data-id=\"15e6d0f\" data-element_type=\"container\" data-e-type=\"container\">\n\t\t\t\t\t<div class=\"e-con-inner\">\n\t\t\t\t<div class=\"elementor-element elementor-element-8ae319d elementor-widget elementor-widget-text-editor\" data-id=\"8ae319d\" data-element_type=\"widget\" data-e-type=\"widget\" data-widget_type=\"text-editor.default\">\n\t\t\t\t\t\t\t\t\t<ul><li>Sicherheitsfachkraft, Betriebsarzt, Sicherheitsbeauftragten,<br \/>Ersthelfer und Brandschutzbeauftragten bestellen<\/li><li>Gef\u00e4hrdungsbeurteilung zu T\u00e4tigkeiten, Maschinen und Arbeitsstoffen<br \/>(ASchG\u00a75, BetrSiVO \u00a73, GefStoffVO \u00a77) erstellen<\/li><li>Regelm\u00e4\u00dfige Begehung der Arbeitspl\u00e4tze und Betriebsst\u00e4tten veranlassen<\/li><li>Mitarbeiter in sicherem Arbeiten unterweisen (ASiG \u00a712),<\/li><li>pr\u00e4ventiv Gefahren abwehren, die Dritte sch\u00e4digen k\u00f6nnten (ASchG \u00a715)<\/li><li>Arbeitsschutz und Arbeitssicherheit bei Umbauten und Neuanschaffungen beachten<\/li><\/ul>\t\t\t\t\t\t\t\t<\/div>\n\t\t\t\t\t\t\t\n\t\t<img class=\"e-image-base \" \n\t\t\t\t\tdata-interaction-id=\"c105f94\" \n\t\t \n\t\t data-e-type=\"widget\" data-id=\"c105f94\"\n\t\t\t\t\t\t\t\t\tid=\"46\"\n\t\t\t\t\t\t\t\t\t\t\t\tsrc=\"https:\/\/arbeitsschutzaktuell.de\/wp-content\/uploads\/2026\/04\/DALL\u00b7E-2024-09-02-08.57.50-A-high-resolution-photograph-of-an-instructor-guiding-employees-on-the-proper-use-of-personal-protective-equipment-PPE-in-a-busy-warehouse.-The-inst-convert.io_.webp\"\n\t\t\t\t\t\t\t\t\t\t\t\twidth=\"1792\"\n\t\t\t\t\t\t\t\t\t\t\t\theight=\"1024\"\n\t\t\t\t\t\t\t\t\t\t\t\tsrcset=\"https:\/\/arbeitsschutzaktuell.de\/wp-content\/uploads\/2026\/04\/DALL\u00b7E-2024-09-02-08.57.50-A-high-resolution-photograph-of-an-instructor-guiding-employees-on-the-proper-use-of-personal-protective-equipment-PPE-in-a-busy-warehouse.-The-inst-convert.io_.webp 1792w, https:\/\/arbeitsschutzaktuell.de\/wp-content\/uploads\/2026\/04\/DALL\u00b7E-2024-09-02-08.57.50-A-high-resolution-photograph-of-an-instructor-guiding-employees-on-the-proper-use-of-personal-protective-equipment-PPE-in-a-busy-warehouse.-The-inst-convert.io_-300x171.webp 300w, https:\/\/arbeitsschutzaktuell.de\/wp-content\/uploads\/2026\/04\/DALL\u00b7E-2024-09-02-08.57.50-A-high-resolution-photograph-of-an-instructor-guiding-employees-on-the-proper-use-of-personal-protective-equipment-PPE-in-a-busy-warehouse.-The-inst-convert.io_-1024x585.webp 1024w, https:\/\/arbeitsschutzaktuell.de\/wp-content\/uploads\/2026\/04\/DALL\u00b7E-2024-09-02-08.57.50-A-high-resolution-photograph-of-an-instructor-guiding-employees-on-the-proper-use-of-personal-protective-equipment-PPE-in-a-busy-warehouse.-The-inst-convert.io_-768x439.webp 768w, https:\/\/arbeitsschutzaktuell.de\/wp-content\/uploads\/2026\/04\/DALL\u00b7E-2024-09-02-08.57.50-A-high-resolution-photograph-of-an-instructor-guiding-employees-on-the-proper-use-of-personal-protective-equipment-PPE-in-a-busy-warehouse.-The-inst-convert.io_-1536x878.webp 1536w\"\n\t\t\t\t\t\t\t\t\t\t\t\talt=\"\"\n\t\t\t\t\t\t\/>\n\t\t\t\t\t\t<\/div>\n\t\t\t\t<\/div>\n\t\t<div class=\"elementor-element elementor-element-c135b3a e-flex e-con-boxed e-con e-parent\" data-id=\"c135b3a\" data-element_type=\"container\" data-e-type=\"container\">\n\t\t\t\t\t<div class=\"e-con-inner\">\n\t\t\t\t\t\t\t<h2 \n\t\tdata-interaction-id=\"e1f3042\" \n\t\tclass=\"e-heading-base\" \n\t\t \n\t\tdata-e-type=\"widget\" data-id=\"e1f3042\"\n\t>\n\t\n\t\t\t<strong>Wie k\u00f6nnen wir Ihnen helfen?<\/strong>\n\t\t<\/h2>\n\t\t\t\t\t<\/div>\n\t\t\t\t<\/div>\n\t\t<div class=\"elementor-element elementor-element-f81fa32 e-grid e-con-boxed e-con e-parent\" data-id=\"f81fa32\" data-element_type=\"container\" data-e-type=\"container\">\n\t\t\t\t\t<div class=\"e-con-inner\">\n\t\t\t\t\t\t\t\n\t\t<img class=\"e-image-base \" \n\t\t\t\t\tdata-interaction-id=\"59050a9\" \n\t\t \n\t\t data-e-type=\"widget\" data-id=\"59050a9\"\n\t\t\t\t\t\t\t\t\tid=\"47\"\n\t\t\t\t\t\t\t\t\t\t\t\tsrc=\"https:\/\/arbeitsschutzaktuell.de\/wp-content\/uploads\/2026\/04\/Wei-koennen-wri-helfen.webp\"\n\t\t\t\t\t\t\t\t\t\t\t\twidth=\"1792\"\n\t\t\t\t\t\t\t\t\t\t\t\theight=\"1024\"\n\t\t\t\t\t\t\t\t\t\t\t\tsrcset=\"https:\/\/arbeitsschutzaktuell.de\/wp-content\/uploads\/2026\/04\/Wei-koennen-wri-helfen.webp 1792w, https:\/\/arbeitsschutzaktuell.de\/wp-content\/uploads\/2026\/04\/Wei-koennen-wri-helfen-300x171.webp 300w, https:\/\/arbeitsschutzaktuell.de\/wp-content\/uploads\/2026\/04\/Wei-koennen-wri-helfen-1024x585.webp 1024w, https:\/\/arbeitsschutzaktuell.de\/wp-content\/uploads\/2026\/04\/Wei-koennen-wri-helfen-768x439.webp 768w, https:\/\/arbeitsschutzaktuell.de\/wp-content\/uploads\/2026\/04\/Wei-koennen-wri-helfen-1536x878.webp 1536w\"\n\t\t\t\t\t\t\t\t\t\t\t\talt=\"\"\n\t\t\t\t\t\t\/>\n\t\t\t\t\t<div class=\"elementor-element elementor-element-883cd68 elementor-widget elementor-widget-text-editor\" data-id=\"883cd68\" data-element_type=\"widget\" data-e-type=\"widget\" data-widget_type=\"text-editor.default\">\n\t\t\t\t\t\t\t\t\t<p>Als Ihre Sicherheitsfachkr\u00e4fte k\u00f6nnen wir Sie bei all diesen Aufgaben kompetent beraten und unterst\u00fctzen. Wir \u2026<\/p><ul><li>helfen Ihnen bei der Gef\u00e4hrdungsbeurteilung &#8211; dem wichtigsten Element im Arbeitsschutz<\/li><li>pr\u00fcfen Ihre Arbeitsmittel und Verfahren sicherheitstechnisch<\/li><li>entlasten Sie bei der Gestaltung von Betriebsanlagen und von sozialen und sanit\u00e4ren Einrichtungen<\/li><li>beraten Sie bei der Beschaffung von technischen Arbeitsmitteln und der Einf\u00fchrung von Arbeitsverfahren und -stoffen<\/li><li>finden geeignete K\u00f6rperschutzmittel<\/li><li>helfen beim ergonomischen Gestalten von Arbeitspl\u00e4tzen und Arbeitsabl\u00e4ufen<\/li><li>beurteilen die Arbeitsbedingungen, sch\u00e4tzen das Risiko ab und machen Verbesserungsvorschl\u00e4ge<\/li><\/ul>\t\t\t\t\t\t\t\t<\/div>\n\t\t\t\t\t<\/div>\n\t\t\t\t<\/div>\n\t\t<div class=\"elementor-element elementor-element-9fdf9e4 e-flex e-con-boxed e-con e-parent\" data-id=\"9fdf9e4\" data-element_type=\"container\" data-e-type=\"container\">\n\t\t\t\t\t<div class=\"e-con-inner\">\n\t\t\t\t\t\t\t<h2 \n\t\tdata-interaction-id=\"ce349ff\" \n\t\tclass=\"e-heading-base\" \n\t\t \n\t\tdata-e-type=\"widget\" data-id=\"ce349ff\"\n\t>\n\t\n\t\t\tWelchen Folgen wird vorgebeugt? \n\t\t<\/h2>\n\t\t\t\t\t<\/div>\n\t\t\t\t<\/div>\n\t\t<div class=\"elementor-element elementor-element-ded9422 e-grid e-con-boxed e-con e-parent\" data-id=\"ded9422\" data-element_type=\"container\" data-e-type=\"container\">\n\t\t\t\t\t<div class=\"e-con-inner\">\n\t\t\t\t<div class=\"elementor-element elementor-element-9a00a96 elementor-widget elementor-widget-text-editor\" data-id=\"9a00a96\" data-element_type=\"widget\" data-e-type=\"widget\" data-widget_type=\"text-editor.default\">\n\t\t\t\t\t\t\t\t\t<ul><li>Dem Verlust der pers\u00f6nlichen Freiheit und des privaten Verm\u00f6gens, sowie Zeit- und Kapitalverluste durch Mitarbeiterausfall. Dies bezieht sich auf alle verantwortlichen Stellen im Unternehmen, also Unternehmer, F\u00fchrungskr\u00e4fte und Angestellte.<\/li><\/ul><div class=\"notranslate\" style=\"all: initial;\">\u00a0<\/div>\t\t\t\t\t\t\t\t<\/div>\n\t\t\t\t\t\t\t\n\t\t<img class=\"e-image-base \" \n\t\t\t\t\tdata-interaction-id=\"c325af9\" \n\t\t \n\t\t data-e-type=\"widget\" data-id=\"c325af9\"\n\t\t\t\t\t\t\t\t\tid=\"48\"\n\t\t\t\t\t\t\t\t\t\t\t\tsrc=\"https:\/\/arbeitsschutzaktuell.de\/wp-content\/uploads\/2026\/04\/Welceh-folgen.webp\"\n\t\t\t\t\t\t\t\t\t\t\t\twidth=\"1792\"\n\t\t\t\t\t\t\t\t\t\t\t\theight=\"1024\"\n\t\t\t\t\t\t\t\t\t\t\t\tsrcset=\"https:\/\/arbeitsschutzaktuell.de\/wp-content\/uploads\/2026\/04\/Welceh-folgen.webp 1792w, https:\/\/arbeitsschutzaktuell.de\/wp-content\/uploads\/2026\/04\/Welceh-folgen-300x171.webp 300w, https:\/\/arbeitsschutzaktuell.de\/wp-content\/uploads\/2026\/04\/Welceh-folgen-1024x585.webp 1024w, https:\/\/arbeitsschutzaktuell.de\/wp-content\/uploads\/2026\/04\/Welceh-folgen-768x439.webp 768w, https:\/\/arbeitsschutzaktuell.de\/wp-content\/uploads\/2026\/04\/Welceh-folgen-1536x878.webp 1536w\"\n\t\t\t\t\t\t\t\t\t\t\t\talt=\"\"\n\t\t\t\t\t\t\/>\n\t\t\t\t\t\t<\/div>\n\t\t\t\t<\/div>\n\t\t<div class=\"elementor-element elementor-element-c8a7ec2 e-flex e-con-boxed e-con e-parent\" data-id=\"c8a7ec2\" data-element_type=\"container\" data-e-type=\"container\">\n\t\t\t\t\t<div class=\"e-con-inner\">\n\t\t\t\t\t\t\t<h2 \n\t\tdata-interaction-id=\"31377a5\" \n\t\tclass=\"e-heading-base\" \n\t\t \n\t\tdata-e-type=\"widget\" data-id=\"31377a5\"\n\t>\n\t\n\t\t\t<strong>Was ist Ihr Nutzen?<\/strong>\n\t\t<\/h2>\n\t\t\t\t\t<\/div>\n\t\t\t\t<\/div>\n\t\t<div class=\"elementor-element elementor-element-2ebaf2e e-flex e-con-boxed e-con e-parent\" data-id=\"2ebaf2e\" data-element_type=\"container\" data-e-type=\"container\">\n\t\t\t\t\t<div class=\"e-con-inner\">\n\t\t\t\t<div class=\"elementor-element elementor-element-db51d29 elementor-widget elementor-widget-text-editor\" data-id=\"db51d29\" data-element_type=\"widget\" data-e-type=\"widget\" data-widget_type=\"text-editor.default\">\n\t\t\t\t\t\t\t\t\t<ul><li>Vorsorge vor Arbeitsunf\u00e4llen dank wirtschaftlich vern\u00fcnftiger Pr\u00e4vention<\/li><li>Einhaltung der gesetzlichen Pflichten und der vorgeschriebenen Dokumentation<\/li><li>Transparentere Organisation: mehr Zeit f\u00fcr das Kerngesch\u00e4ft<\/li><li>Mehr Produktivit\u00e4t und Wettbewerbsf\u00e4higkeit<\/li><li>Ges\u00fcndere und leistungsst\u00e4rkere Mitarbeitender \u2013 weniger Kosten f\u00fcr BG-Beitr\u00e4ge, geringere Fehlzeiten<\/li><li>Kein \u00c4rger mit den Beh\u00f6rden<\/li><\/ul><div class=\"notranslate\" style=\"all: initial;\">\u00a0<\/div>\t\t\t\t\t\t\t\t<\/div>\n\t\t\t\t\t<\/div>\n\t\t\t\t<\/div>\n\t\t\t\t<\/div>\n\t\t","protected":false},"excerpt":{"rendered":"<p>Arbeitsschutz als Erfahrungsschatz Wir sind Ihre Fachkr\u00e4fte f\u00fcr zielf\u00fchrende Arbeitssicherheit. Mit unserem Know-how aus 18 erfolgreichen Jahren steigern Sie Ihre [&hellip;]<\/p>\n","protected":false},"author":1,"featured_media":0,"parent":0,"menu_order":0,"comment_status":"closed","ping_status":"closed","template":"","meta":{"_angie_page":false,"site-sidebar-layout":"no-sidebar","site-content-layout":"","ast-site-content-layout":"full-width-container","site-content-style":"default","site-sidebar-style":"default","ast-global-header-display":"","ast-banner-title-visibility":"","ast-main-header-display":"","ast-hfb-above-header-display":"","ast-hfb-below-header-display":"","ast-hfb-mobile-header-display":"","site-post-title":"disabled","ast-breadcrumbs-content":"","ast-featured-img":"disabled","footer-sml-layout":"","ast-disable-related-posts":"","theme-transparent-header-meta":"","adv-header-id-meta":"","stick-header-meta":"","header-above-stick-meta":"","header-main-stick-meta":"","header-below-stick-meta":"","astra-migrate-meta-layouts":"default","ast-page-background-enabled":"default","ast-page-background-meta":{"desktop":{"background-color":"var(--ast-global-color-5)","background-image":"","background-repeat":"repeat","background-position":"center center","background-size":"auto","background-attachment":"scroll","background-type":"","background-media":"","overlay-type":"","overlay-color":"","overlay-opacity":"","overlay-gradient":""},"tablet":{"background-color":"","background-image":"","background-repeat":"repeat","background-position":"center center","background-size":"auto","background-attachment":"scroll","background-type":"","background-media":"","overlay-type":"","overlay-color":"","overlay-opacity":"","overlay-gradient":""},"mobile":{"background-color":"","background-image":"","background-repeat":"repeat","background-position":"center center","background-size":"auto","background-attachment":"scroll","background-type":"","background-media":"","overlay-type":"","overlay-color":"","overlay-opacity":"","overlay-gradient":""}},"ast-content-background-meta":{"desktop":{"background-color":"var(--ast-global-color-4)","background-image":"","background-repeat":"repeat","background-position":"center center","background-size":"auto","background-attachment":"scroll","background-type":"","background-media":"","overlay-type":"","overlay-color":"","overlay-opacity":"","overlay-gradient":""},"tablet":{"background-color":"var(--ast-global-color-4)","background-image":"","background-repeat":"repeat","background-position":"center center","background-size":"auto","background-attachment":"scroll","background-type":"","background-media":"","overlay-type":"","overlay-color":"","overlay-opacity":"","overlay-gradient":""},"mobile":{"background-color":"var(--ast-global-color-4)","background-image":"","background-repeat":"repeat","background-position":"center center","background-size":"auto","background-attachment":"scroll","background-type":"","background-media":"","overlay-type":"","overlay-color":"","overlay-opacity":"","overlay-gradient":""}},"footnotes":""},"class_list":["post-12","page","type-page","status-publish","hentry"],"_links":{"self":[{"href":"https:\/\/arbeitsschutzaktuell.de\/index.php\/wp-json\/wp\/v2\/pages\/12","targetHints":{"allow":["GET"]}}],"collection":[{"href":"https:\/\/arbeitsschutzaktuell.de\/index.php\/wp-json\/wp\/v2\/pages"}],"about":[{"href":"https:\/\/arbeitsschutzaktuell.de\/index.php\/wp-json\/wp\/v2\/types\/page"}],"author":[{"embeddable":true,"href":"https:\/\/arbeitsschutzaktuell.de\/index.php\/wp-json\/wp\/v2\/users\/1"}],"replies":[{"embeddable":true,"href":"https:\/\/arbeitsschutzaktuell.de\/index.php\/wp-json\/wp\/v2\/comments?post=12"}],"version-history":[{"count":18,"href":"https:\/\/arbeitsschutzaktuell.de\/index.php\/wp-json\/wp\/v2\/pages\/12\/revisions"}],"predecessor-version":[{"id":51,"href":"https:\/\/arbeitsschutzaktuell.de\/index.php\/wp-json\/wp\/v2\/pages\/12\/revisions\/51"}],"wp:attachment":[{"href":"https:\/\/arbeitsschutzaktuell.de\/index.php\/wp-json\/wp\/v2\/media?parent=12"}],"curies":[{"name":"wp","href":"https:\/\/api.w.org\/{rel}","templated":true}]}}